{"id":1023,"date":"2021-02-10T21:32:11","date_gmt":"2021-02-10T21:32:11","guid":{"rendered":"https:\/\/norddach.pl\/?page_id=1023"},"modified":"2021-02-10T23:13:04","modified_gmt":"2021-02-10T23:13:04","slug":"technologia-i-sprzet","status":"publish","type":"page","link":"https:\/\/norddach.pl\/index.php\/technologia-i-sprzet\/","title":{"rendered":"TECHNOLOGIA I SPRZ\u0118T"},"content":{"rendered":"\t\t<div data-elementor-type=\"wp-page\" data-elementor-id=\"1023\" class=\"elementor elementor-1023\" data-elementor-settings=\"[]\">\n\t\t\t\t\t\t\t<div class=\"elementor-section-wrap\">\n\t\t\t\t\t\t\t<section class=\"elementor-section elementor-top-section elementor-element elementor-element-c9a11c5 elementor-section-boxed elementor-section-height-default elementor-section-height-default\" data-id=\"c9a11c5\" data-element_type=\"section\">\n\t\t\t\t\t\t<div class=\"elementor-container elementor-column-gap-default\">\n\t\t\t\t\t<div class=\"elementor-column elementor-col-100 elementor-top-column elementor-element elementor-element-4cac82d\" data-id=\"4cac82d\" data-element_type=\"column\">\n\t\t\t<div class=\"elementor-widget-wrap elementor-element-populated\">\n\t\t\t\t\t\t\t\t<div class=\"elementor-element elementor-element-7366d9e elementor-widget elementor-widget-image\" data-id=\"7366d9e\" data-element_type=\"widget\" data-widget_type=\"image.default\">\n\t\t\t\t<div class=\"elementor-widget-container\">\n\t\t\t\t\t<div class=\"elementor-image\">\n\t\t\t\t\t\t\t\t\t\t<img width=\"812\" height=\"130\" src=\"https:\/\/norddach.pl\/wp-content\/uploads\/2021\/02\/head3-1024x164.jpg\" class=\"attachment-large size-large\" alt=\"\" loading=\"lazy\" srcset=\"https:\/\/norddach.pl\/wp-content\/uploads\/2021\/02\/head3-1024x164.jpg 1024w, https:\/\/norddach.pl\/wp-content\/uploads\/2021\/02\/head3-300x48.jpg 300w, https:\/\/norddach.pl\/wp-content\/uploads\/2021\/02\/head3-768x123.jpg 768w, https:\/\/norddach.pl\/wp-content\/uploads\/2021\/02\/head3.jpg 1500w\" sizes=\"(max-width: 812px) 100vw, 812px\" \/>\t\t\t\t\t\t\t\t\t\t\t<\/div>\n\t\t\t\t<\/div>\n\t\t\t\t<\/div>\n\t\t\t\t\t<\/div>\n\t\t<\/div>\n\t\t\t\t\t\t\t<\/div>\n\t\t<\/section>\n\t\t\t\t<section class=\"elementor-section elementor-top-section elementor-element elementor-element-e01f561 elementor-section-boxed elementor-section-height-default elementor-section-height-default\" data-id=\"e01f561\" data-element_type=\"section\">\n\t\t\t\t\t\t<div class=\"elementor-container elementor-column-gap-default\">\n\t\t\t\t\t<div class=\"elementor-column elementor-col-100 elementor-top-column elementor-element elementor-element-0dc04d0\" data-id=\"0dc04d0\" data-element_type=\"column\">\n\t\t\t<div class=\"elementor-widget-wrap elementor-element-populated\">\n\t\t\t\t\t\t\t\t<div class=\"elementor-element elementor-element-097913c elementor-widget elementor-widget-heading\" data-id=\"097913c\" data-element_type=\"widget\" data-widget_type=\"heading.default\">\n\t\t\t\t<div class=\"elementor-widget-container\">\n\t\t\t<h2 class=\"elementor-heading-title elementor-size-default\">TECHNOLOGIA I SPRZ\u0118T<\/h2>\t\t<\/div>\n\t\t\t\t<\/div>\n\t\t\t\t\t<\/div>\n\t\t<\/div>\n\t\t\t\t\t\t\t<\/div>\n\t\t<\/section>\n\t\t\t\t<section class=\"elementor-section elementor-top-section elementor-element elementor-element-5649a4a elementor-section-boxed elementor-section-height-default elementor-section-height-default\" data-id=\"5649a4a\" data-element_type=\"section\">\n\t\t\t\t\t\t<div class=\"elementor-container elementor-column-gap-default\">\n\t\t\t\t\t<div class=\"elementor-column elementor-col-25 elementor-top-column elementor-element elementor-element-4dd7d22\" data-id=\"4dd7d22\" data-element_type=\"column\">\n\t\t\t<div class=\"elementor-widget-wrap elementor-element-populated\">\n\t\t\t\t\t\t\t\t<div class=\"elementor-element elementor-element-17e60b9 elementor-widget elementor-widget-text-editor\" data-id=\"17e60b9\" data-element_type=\"widget\" data-widget_type=\"text-editor.default\">\n\t\t\t\t<div class=\"elementor-widget-container\">\n\t\t\t\t\t<div class=\"elementor-text-editor elementor-clearfix\"><p class=\"Normalny tm5\"><span class=\"tm6\">Charakteryzuje nas wysoka jako\u015b\u0107 wykonywanych projekt\u00f3w. Podczas prac zwi\u0105zanych z\u00a0konstrukcjami drewnianymi, wi\u0119\u017abami oraz pokryciami dach\u00f3w zwracamy uwag\u0119 na to aby realizowany projekt zosta\u0142 wykonany zgodnie ze sztuk\u0105 budowlan\u0105 oraz oczekiwaniami klienta \u2013 tzn. b\u0119dzie estetycznie wykonany, trwa\u0142y a co za tym idzie nie b\u0119dzie wymaga\u0142 ingerencji przez maksymalnie d\u0142ugi czas eksploatacji. Opr\u00f3cz wiedzy i do\u015bwiadczenia, kt\u00f3re za nami stoi jest jeszcze jedna kwestia \u2013 mianowicie park maszynowy.\nOd pocz\u0105tku swojej dzia\u0142alno\u015bci stawiali\u015bmy sobie za cel posiadanie odpowiedniego sprz\u0119tu wyspecjalizowanego do konkretnych zada\u0144. Za przyk\u0142ad mog\u0105 tu pos\u0142u\u017cy\u0107 narz\u0119dzia jakich u\u017cywamy\ndo wykonywania konstrukcji drewnianych. Cz\u0119sto widuje si\u0119\nw r\u0119kach cie\u015bli pi\u0142y spalinowe jako podstawowe narz\u0119dzie pracy \u2013 naszym zdaniem pi\u0142a \u0142a\u0144cuchowa jest dobra , ale do wycinki drzew w\u00a0lesie \u2013 precyzja ci\u0119\u0107 takim sprz\u0119tem jest niewielka a efekt ko\u0144cowy cz\u0119sto przyprawia o b\u00f3l g\u0142owy.<\/span><\/p>\n<p class=\"Normalny tm5\"><span class=\"tm6\">Dlatego My stosujemy w pracach\nz drewnem pi\u0142y tarczowe \u2013 pocz\u0105wszy\nod ma\u0142ych lekkich pi\u0142<\/span><\/p><\/div>\n\t\t\t\t<\/div>\n\t\t\t\t<\/div>\n\t\t\t\t\t<\/div>\n\t\t<\/div>\n\t\t\t\t<div class=\"elementor-column elementor-col-25 elementor-top-column elementor-element elementor-element-679d24f\" data-id=\"679d24f\" data-element_type=\"column\">\n\t\t\t<div class=\"elementor-widget-wrap elementor-element-populated\">\n\t\t\t\t\t\t\t\t<div class=\"elementor-element elementor-element-de483e3 elementor-widget elementor-widget-text-editor\" data-id=\"de483e3\" data-element_type=\"widget\" data-widget_type=\"text-editor.default\">\n\t\t\t\t<div class=\"elementor-widget-container\">\n\t\t\t\t\t<div class=\"elementor-text-editor elementor-clearfix\"><p class=\"Normalny tm5\"><span class=\"tm6\">akumulatorowych &#8211; po du\u017ce elektryczne pi\u0142y tarczowe zdolne do ci\u0119cia materia\u0142u\no przekroju nawet 14cm. Gwarantuje to bardzo wysok\u0105 precyzj\u0119 ci\u0119\u0107, a co za tym idzie precyzyjne spasowanie \u0142\u0105czonych element\u00f3w,\nco poza estetyk\u0105 daje &#8211; sztywno\u015b\u0107\ni wytrzyma\u0142o\u015b\u0107 wykonanej konstrukcji.<\/span><\/p>\nTakich przyk\u0142ad\u00f3w mogliby\u015bmy wymieni\u0107 znacznie wi\u0119cej. Posiadamy profesjonalny sprz\u0119t taki jak: wkr\u0119tarki, gwo\u017adziarki, pi\u0142y, zaginarki do obr\u00f3bek blacharskich, rusztowania i wiele innych narz\u0119dzi niezb\u0119dnych do profesjonalnego\ni sprawnego wykonania powierzonego projektu.\n\nKolejn\u0105 kwesti\u0105 jest porz\u0105dek\ni czysto\u015b\u0107 na budowie.\n\nKlienci powierzaj\u0105cy nam prace mog\u0105 by\u0107 pewni \u017ce zar\u00f3wno w trakcie prac jak i po ich zako\u0144czeniu plac budowy b\u0119dzie uporz\u0105dkowany i pozostawiony taki jakim go zastali\u015bmy. Prace b\u0119d\u0105 wykonane starannie, a\u00a0pod dach\u00f3wk\u0105 u\u0142o\u017con\u0105 na dachu nie pozostanie niezliczona ilo\u015b\u0107 \u015bmieci, trocin, py\u0142u z\u00a0ci\u0119tej dach\u00f3wki i wielu innych przedmiot\u00f3w cz\u0119sto odnajdywanych podczas poprawek lub remont\u00f3w nie dawno wykonanego dachu przez tak zwanego \u201efachowca\u201d.<\/div>\n\t\t\t\t<\/div>\n\t\t\t\t<\/div>\n\t\t\t\t\t<\/div>\n\t\t<\/div>\n\t\t\t\t<div class=\"elementor-column elementor-col-50 elementor-top-column elementor-element elementor-element-0ed9aa4\" data-id=\"0ed9aa4\" data-element_type=\"column\">\n\t\t\t<div class=\"elementor-widget-wrap elementor-element-populated\">\n\t\t\t\t\t\t\t\t<div class=\"elementor-element elementor-element-dad65d6 elementor-widget elementor-widget-image\" data-id=\"dad65d6\" data-element_type=\"widget\" data-widget_type=\"image.default\">\n\t\t\t\t<div class=\"elementor-widget-container\">\n\t\t\t\t\t<div class=\"elementor-image\">\n\t\t\t\t\t\t\t\t\t\t<img width=\"812\" height=\"542\" src=\"https:\/\/norddach.pl\/wp-content\/uploads\/2021\/02\/AdobeStock_171340831-1024x683.jpeg\" class=\"attachment-large size-large\" alt=\"\" loading=\"lazy\" srcset=\"https:\/\/norddach.pl\/wp-content\/uploads\/2021\/02\/AdobeStock_171340831-1024x683.jpeg 1024w, https:\/\/norddach.pl\/wp-content\/uploads\/2021\/02\/AdobeStock_171340831-300x200.jpeg 300w, https:\/\/norddach.pl\/wp-content\/uploads\/2021\/02\/AdobeStock_171340831-768x512.jpeg 768w, https:\/\/norddach.pl\/wp-content\/uploads\/2021\/02\/AdobeStock_171340831-1536x1024.jpeg 1536w, https:\/\/norddach.pl\/wp-content\/uploads\/2021\/02\/AdobeStock_171340831-2048x1365.jpeg 2048w\" sizes=\"(max-width: 812px) 100vw, 812px\" \/>\t\t\t\t\t\t\t\t\t\t\t<\/div>\n\t\t\t\t<\/div>\n\t\t\t\t<\/div>\n\t\t\t\t<div class=\"elementor-element elementor-element-d0dd440 elementor-widget elementor-widget-image\" data-id=\"d0dd440\" data-element_type=\"widget\" data-widget_type=\"image.default\">\n\t\t\t\t<div class=\"elementor-widget-container\">\n\t\t\t\t\t<div class=\"elementor-image\">\n\t\t\t\t\t\t\t\t\t\t<img width=\"812\" height=\"542\" src=\"https:\/\/norddach.pl\/wp-content\/uploads\/2021\/02\/AdobeStock_129134737-1024x683.jpeg\" class=\"attachment-large size-large\" alt=\"\" loading=\"lazy\" srcset=\"https:\/\/norddach.pl\/wp-content\/uploads\/2021\/02\/AdobeStock_129134737-1024x683.jpeg 1024w, https:\/\/norddach.pl\/wp-content\/uploads\/2021\/02\/AdobeStock_129134737-300x200.jpeg 300w, https:\/\/norddach.pl\/wp-content\/uploads\/2021\/02\/AdobeStock_129134737-768x513.jpeg 768w, https:\/\/norddach.pl\/wp-content\/uploads\/2021\/02\/AdobeStock_129134737-1536x1025.jpeg 1536w, https:\/\/norddach.pl\/wp-content\/uploads\/2021\/02\/AdobeStock_129134737-2048x1367.jpeg 2048w\" sizes=\"(max-width: 812px) 100vw, 812px\" \/>\t\t\t\t\t\t\t\t\t\t\t<\/div>\n\t\t\t\t<\/div>\n\t\t\t\t<\/div>\n\t\t\t\t<div class=\"elementor-element elementor-element-247c3b4 elementor-widget elementor-widget-image\" data-id=\"247c3b4\" data-element_type=\"widget\" data-widget_type=\"image.default\">\n\t\t\t\t<div class=\"elementor-widget-container\">\n\t\t\t\t\t<div class=\"elementor-image\">\n\t\t\t\t\t\t\t\t\t\t<img width=\"812\" height=\"542\" src=\"https:\/\/norddach.pl\/wp-content\/uploads\/2021\/02\/AdobeStock_27347304-1024x683.jpeg\" class=\"attachment-large size-large\" alt=\"\" loading=\"lazy\" srcset=\"https:\/\/norddach.pl\/wp-content\/uploads\/2021\/02\/AdobeStock_27347304-1024x683.jpeg 1024w, https:\/\/norddach.pl\/wp-content\/uploads\/2021\/02\/AdobeStock_27347304-300x200.jpeg 300w, https:\/\/norddach.pl\/wp-content\/uploads\/2021\/02\/AdobeStock_27347304-768x512.jpeg 768w, https:\/\/norddach.pl\/wp-content\/uploads\/2021\/02\/AdobeStock_27347304-1536x1024.jpeg 1536w, https:\/\/norddach.pl\/wp-content\/uploads\/2021\/02\/AdobeStock_27347304-2048x1365.jpeg 2048w\" sizes=\"(max-width: 812px) 100vw, 812px\" \/>\t\t\t\t\t\t\t\t\t\t\t<\/div>\n\t\t\t\t<\/div>\n\t\t\t\t<\/div>\n\t\t\t\t\t<\/div>\n\t\t<\/div>\n\t\t\t\t\t\t\t<\/div>\n\t\t<\/section>\n\t\t\t\t\t\t<\/div>\n\t\t\t\t\t<\/div>\n\t\t","protected":false},"excerpt":{"rendered":"<p>TECHNOLOGIA I SPRZ\u0118T Charakteryzuje nas wysoka jako\u015b\u0107 wykonywanych projekt\u00f3w. Podczas prac zwi\u0105zanych z\u00a0konstrukcjami drewnianymi, wi\u0119\u017abami oraz pokryciami dach\u00f3w zwracamy uwag\u0119 na to aby realizowany projekt zosta\u0142 wykonany zgodnie ze sztuk\u0105 budowlan\u0105 oraz oczekiwaniami klienta \u2013 tzn. b\u0119dzie estetycznie wykonany, trwa\u0142y a co za tym idzie nie b\u0119dzie wymaga\u0142 ingerencji przez maksymalnie d\u0142ugi czas eksploatacji. Opr\u00f3cz [&hellip;]<\/p>\n","protected":false},"author":1,"featured_media":0,"parent":0,"menu_order":0,"comment_status":"closed","ping_status":"closed","template":"elementor_header_footer","meta":[],"_links":{"self":[{"href":"https:\/\/norddach.pl\/index.php\/wp-json\/wp\/v2\/pages\/1023"}],"collection":[{"href":"https:\/\/norddach.pl\/index.php\/wp-json\/wp\/v2\/pages"}],"about":[{"href":"https:\/\/norddach.pl\/index.php\/wp-json\/wp\/v2\/types\/page"}],"author":[{"embeddable":true,"href":"https:\/\/norddach.pl\/index.php\/wp-json\/wp\/v2\/users\/1"}],"replies":[{"embeddable":true,"href":"https:\/\/norddach.pl\/index.php\/wp-json\/wp\/v2\/comments?post=1023"}],"version-history":[{"count":7,"href":"https:\/\/norddach.pl\/index.php\/wp-json\/wp\/v2\/pages\/1023\/revisions"}],"predecessor-version":[{"id":1189,"href":"https:\/\/norddach.pl\/index.php\/wp-json\/wp\/v2\/pages\/1023\/revisions\/1189"}],"wp:attachment":[{"href":"https:\/\/norddach.pl\/index.php\/wp-json\/wp\/v2\/media?parent=1023"}],"curies":[{"name":"wp","href":"https:\/\/api.w.org\/{rel}","templated":true}]}}